vided by u?
1
Let w be 6 + -5 - (-2 + -1). What is the remainder when -2 - ((-37)/w)/(1/4) is divided by 20?
15
Let j = -489 - -513. Calculate the remainder when 61 is divided by j.
13
Let p(j) = j**2 + 3. Calculate the remainder when 227 is divided by p(6).
32
Let s be (-1)/(620/(-618) - -1). Suppose 0 = -3*b - 6 + s. What is the remainder when b is divided by 34?
33
Suppose 0 = -0*t + t. Let z be (-2 - t) + 2 - -2. Suppose -7*g - z*o + 198 = -3*g, 4*g = 5*o + 163. What is the remainder when g is divided by 12?
11
Suppose 343 = 19*h - 12*h. What is the remainder when 488 is divided by h?
47
Suppose -1368*y + 63 = -1361*y. Calculate the remainder when 22 is divided by y.
4
Suppose d + 1 - 7 = 0. Let u be (-2 - -8)*2/d. Let s(n) = 2*n + 2. Calculate the remainder when 21 is divided by s(u).
3
Let p = -1378 - -1421. Calculate the remainder when p is divided by 1.
0
Suppose 2*j - 4*u - 44 = -0*j, 5*u = 5*j - 115. Let w = j + -21. What is the remainder when 17 is divided by w?
2
Let v = -9 - -15. Let f(a) = a**3 - 2*a. Let z be f(2). Suppose z*q + 33 = 5*c + 112, c = -2*q + 43. Calculate the remainder when q is divided by v.
3
Let b(x) = 9*x**2 - 13*x - 21. What is the remainder when 290 is divided by b(-3)?
92
Suppose 3*g - 221 = 18*h - 14*h, -6 = 3*h. Calculate the remainder when 138 is divided by g.
67
Let z(n) = 201*n - 6591. What is the remainder when z(33) is divided by (-4)/10 + (-54)/(-10)?
2
What is the remainder when (-2)/(-6) + 119/3 is divided by (280/100)/(12/30)?
5
Let c = 35 + -7. What is the remainder when 319 is divided by c?
11
Suppose -15 = -4*s - 3*y + 112, -s = 3*y - 34. Let v(r) = 14*r**2 + 3*r - 1. Calculate the remainder when v(2) is divided by s.
30
Suppose 33 = 2*i - i. Suppose 0*n - 5*a + 4 = n, 3*n + 5*a = 22. What is the remainder when i is divided by n?
6
Let j(m) = -m - 19. Let y be j(7). Let f = 31 + y. What is the remainder when 18/(f/(-120)*-9) is divided by 10?
8
Calculate the remainder when 60 + 4/(-12)*9 is divided by 10.
7
Let h(v) = -v**3 + 5*v**2 + 6*v - 6. Suppose -2*d + 0*d + 80 = 0. Suppose 0 = 2*r + 3*r - d. Calculate the remainder when h(3) is divided by r.
6
Let c(r) = -4*r - r + 7 + r. Suppose -33*z = -31*z + 14. What is the remainder when c(z) is divided by 10?
5
Let d(f) = 7*f - 77. What is the remainder when 49 is divided by d(14)?
7
Let p(d) = 2*d**2 + 3*d + 1. Let j(n) = -3*n + 10. Let o be j(10). Calculate the remainder when (18/12)/((-6)/o) is divided by p(-2).
2
Let t = 17 + -17. Suppose 0*k + 3*y = -3*k, y + 3 = t. Calculate the remainder when 5 is divided by k.
2
Suppose 0 = 24*q - 8*q + 64. Let b(v) = -3 + 4*v**3 + 3*v**2 - 3 - 3*v**3 - 7*v. What is the remainder when b(q) is divided by 2?
0
Let z(c) = -3*c + 17. Let i be z(6). Calculate the remainder when (-57)/(-4)*(i + 5) is divided by 31.
26
Suppose 0 = 34*k - 41*k + 707. What is the remainder when 232 is divided by k?
30
Suppose 11 = f - 2*r - 26, -8 = 2*r. Let u = -25 + f. What is the remainder when 10 is divided by u?
2
Let t(w) = -w**3 + 8*w**2 - 6*w + 2. Calculate the remainder when t(5) is divided by ((-912)/190)/(2/(-10)).
23
Let l(p) = -11*p + 34. What is the remainder when l(-6) is divided by 6?
4
Let f(b) = 2*b**2 + b - 20. Calculate the remainder when f(-9) is divided by 17.
14
Let t = -1125 + 1134. Calculate the remainder when 54 is divided by t.
0
Suppose 13 = 4*l - 23. Let k(n) = 2*n**3 - n**2 + 3*n - 2. What is the remainder when k(2) is divided by l?
7
Suppose 38*x = 43*x - 360. What is the remainder when x is divided by 37?
35
Let m(r) = -5*r - 12. Let y be m(-6). Suppose -6*f + 3*f + y = 0. What is the remainder when 22 is divided by f?
4
Suppose -i - 106 = -28. Let b = i - -114. What is the remainder when 143 is divided by b?
35
Calculate the remainder when 57 is divided by 8 - ((-42)/12 + 3)*-6.
2
Let t(b) = 2*b**3 + 30*b**2 - b + 38. What is the remainder when t(-15) is divided by 21?
11
Suppose -23*b + 22*b = 0. Suppose 2 = 5*v + 17, b = -2*p + 3*v + 47. Calculate the remainder when p is divided by 7.
5
Suppose -34 = -a + 4*u, 2*a + 13 = -4*u + 33. Let d = -2 - -2. Let j = d - -51. Calculate the remainder when j is divided by a.
15
Let j be 872/(-44) + (-4)/22. Let m = 34 - -4. What is the remainder when m is divided by (j/(-14))/(12/84)?
8
Let v = 1 - 1. Suppose v = -3*i + 12. Calculate the remainder when i is divided by (-1)/(7/(-3) + 2).
1
Suppose -10 = 2*f, 0 = w - 4*w + 2*f + 298. What is the remainder when w is divided by 13?
5
Let m(l) = -l + 5. Let h(b) = 2*b - 10. Let w(c) = -3*h(c) - 5*m(c). Calculate the remainder when 41 is divided by w(-6).
8
Let p = -1002 - -1090. Let q = 11 - -2. What is the remainder when p is divided by q?
10
Suppose -4*z + 100 = 2*j, 5*j = -4*z + 30 + 82. What is the remainder when 0 + 1 + 0 + z is divided by (-6)/2*(-182)/42?
11
Let c(q) = q + 1. Let l be c(5). Suppose 3*m = -9, -t - 4*m - 3 = l. Calculate the remainder when 7 is divided by t.
1
What is the remainder when (-10 + 31)*(1 - -2) is divided by 32?
31
Suppose 0 = -4*n - 13 - 3, 5*h = 5*n + 70. Let s(x) = -2*x**2 + 7*x + 1. Calculate the remainder when h is divided by s(3).
2
Suppose 0 = 23*j - 22*j - l - 510, l = 4*j - 2043. Calculate the remainder when j is divided by 4.
3
Let g be (5/(-15))/((-5)/300). What is the remainder when 116 is divided by (((-425)/g)/5)/((-1)/4)?
14
Suppose -35 = -w + 4*g + 16, -51 = -w - g. What is the remainder when w is divided by 8?
3
What is the remainder when 2/(88/(-840) + 6/45) is divided by 35?
0
Let r(v) = 41*v + 5. Let w be r(4). Suppose 0 = 5*y - 196 - w. Calculate the remainder when y is divided by 20.
13
Let o(f) = 6*f - 91. Calculate the remainder when 57 is divided by o(16).
2
Suppose 0 = -3*j - 3*f - 75, -4*f - f + 50 = -2*j. Calculate the remainder when 8 is divided by 15*(j/(-15))/5.
3
Let t = 174 - 148. What is the remainder when 51 is divided by t?
25
Let g be (-5)/20 - 6/8. Let i(y) = y**2 + 8*y + 1. Let n be i(-8). Let t = n - g. What is the remainder when 6 is divided by t?
0
Suppose b - 640 = 3*q - 6*q, -5*q = -4*b - 1078. Calculate the remainder when q is divided by 12.
10
Let t(j) = -j**3 + 5*j + 29. What is the remainder when 99 is divided by t(0)?
12
Calculate the remainder when (-2 + 4)/2 - -184 is divided by (-3)/((-6)/(-188)*-2).
44
Let j = 11 + -9. Let z(a) = j + 2 - 7 - 4*a. What is the remainder when z(-3) is divided by 6?
3
Let s = -29 + 29. Suppose 2*m - 50 = -s*m. Suppose 0 = 5*y - 3*a - 32, -y + 3*a - 4*a + 8 = 0. What is the remainder when m is divided by y?
4
Suppose 0 = -2*f - 4*d + d, -5*f - 3*d = 18. Let i = f + 13. Calculate the remainder when 26 is divided by i.
5
Let u(w) = w**3 - 27 + 3*w - 2*w**3 - 11*w**2 + 13*w + 34. Let j be u(-12). Let q = j - -90. What is the remainder when q is divided by 13?
10
Let g(h) = h**2 - 7*h - 39. What is the remainder when g(11) is divided by 4?
1
Suppose 14*q = 11*q - 240. Let c = q + 104. What is the remainder when c is divided by 9?
6
Let v(g) = -g**2 - 3*g + 6. What is the remainder when v(-3) is divided by (16/28)/((-4)/(-28))?
2
Suppose 12*i + 455 - 527 = 0. Calculate the remainder when 351 is divided by i.
3
Let h(x) = 3*x**2 + 6*x. Let m be h(-5). Let i = m - 70. Let y = 20 - i. Calculate the remainder when y is divided by 12.
9
Suppose -7*o = -5*o + 110. Let l = o + 104. Calculate the remainder when l is divided by 10.
9
Let i be -2*1/4*0. Let o be -4 + 0 - i/(-4). Let q = 47 - o. Calculate the remainder when q is divided by 13.
12
Suppose 5*z + 51 - 136 = 0. What is the remainder when 21 is divided by z?
4
Suppose 5*n - 4*i = 20, -3*n + 20 = 2*n - i. Suppose -z - c = -5, z + 2*c = 3 + n. Suppose -5*s + 22 = -z. What is the remainder when s is divided by 3?
2
Suppose -h = -3*b + 15, 2*h + 5 = -0*h + b. Suppose 3*n + h*j + 5*j - 13 = 0, 4*n = 3*j + 56. Calculate the remainder when 20 is divided by n.
9
Let v = -70 + 122. Calculate the remainder when v is divided by (98/(-7))/((-2)/2).
10
Suppose -28 = 2*c - 4*c. Let j = -165 - -181. Suppose -c - j = -3*g. Calculate the remainder when 37 is divided by g.
7
Let f(o) = -o**3 - 2*o**2 - 2*o - 4. Let q be f(-2). Suppose 4*z - z = q. What is the remainder when (-3)/(z + -3) + 5 is divided by 2?
0
Suppose 14*q - 765 = -q. Suppose -2*f = 3*z - 40, 5*z = 2*f